ed by 35.
32
Suppose -4*o + 2*c + 72 = 10, 2*c - 64 = -3*o. What is the remainder when 69 is divided by o?
15
Suppose -4*m + 188 = -2*i + 32, 0 = -2*m + 5*i + 78. Calculate the remainder when m is divided by 14.
11
Suppose 2*p + 4*j - 252 = 0, 143 = 3*p - 3*j - 253. Let s(c) = c**3 + 8*c**2 + 7*c + 3. Calculate the remainder when p is divided by s(-6).
31
Let b be 4205/30 - (-2)/(-12). Let w = 218 - b. Calculate the remainder when w is divided by 20.
18
Suppose -4*z + f + 280 = -3*f, -3*f = -5*z + 348. Calculate the remainder when z is divided by 36.
33
What is the remainder when (-53)/1*(-5)/5 is divided by 14?
11
Let u = -7 - -13. Suppose t = d + 2*d + 67, d - t + 25 = 0. Let v = -4 - d. Calculate the remainder when v is divided by u.
5
Calculate the remainder when 65 is divided by ((-4)/5)/(18/(-495)).
21
Suppose 4*r = 257 - 57. Calculate the remainder when (r/(-3))/((-4)/12) is divided by 17.
16
Let p = 2 - 20. Calculate the remainder when ((0 - -10) + 1)/1 is divided by 24/(-2)*9/p.
5
Let r(c) = c + 4. What is the remainder when r(9) is divided by 5?
3
Suppose 5*c - 10 = -5*b, 10 = 3*b + 5*c - 4*c. Suppose 0 = d - b*p - 0 + 2, -115 = -5*d - 5*p. Calculate the remainder when d is divided by 10.
8
Let g = 88 - 73. What is the remainder when 59 is divided by g?
14
Let r(h) = -4 - h - h + 0 + 3*h. Let m be r(7). Calculate the remainder when 0 - (-1 + (-75)/m) is divided by 7.
5
Let c = 7 + 7. What is the remainder when 1138/c + (-14)/49 is divided by 21?
18
Let l(s) = -s**3 - 4*s**2 - 4*s. Let y be l(-3). Suppose 44 = o - 5*z, -5*o - 5*z + 28 = -y*o. What is the remainder when o is divided by 13?
11
Let p(y) = y**2 + 5*y. What is the remainder when 25 is divided by p(-7)?
11
Let x = 17 - -34. What is the remainder when x is divided by 13?
12
Let f(s) = 2*s - 4*s + 1 + 0. Let q = -32 - -39. Calculate the remainder when f(-5) is divided by q.
4
Suppose -5*z = 15, 0 = -5*o + 4*o - z - 4. What is the remainder when 28 is divided by (75/10)/(o/(-2))?
13
Suppose 8*w - 94 = 7*w. Calculate the remainder when w is divided by 32.
30
Let k be (4/(-5))/(1/5). What is the remainder when (-4 - (3 + k)) + 79 is divided by 26?
24
Let y(m) = -m**3 + m**2 + 76. What is the remainder when y(0) is divided by 13?
11
What is the remainder when 260 is divided by 8/12*6*(-66)/(-4)?
62
Let s be (-4)/(-12)*(-1 + 28). Calculate the remainder when 13 is divided by -3 - (3 + -5 - s).
5
Let k(v) = -v**3 - 10*v**2 - 4*v - 13. Let l = 26 - 16. Calculate the remainder when k(-10) is divided by l.
7
Suppose 108 = -5*q - 47. Let s = q - -43. What is the remainder when 35 is divided by s?
11
Let y(b) = 3*b**2 + 17*b - 2. What is the remainder when 4 is divided by y(-6)?
0
Let a(x) = -x**3 + 9*x**2 - 10*x. Let p be a(8). What is the remainder when 8 is divided by 1/(-3) + p/(-3)?
3
What is the remainder when 4/6*3 + 28 is divided by 8/2*(-264)/(-96)?
8
Let r(y) = -y**2 + y + 7. Suppose -14*g + 96 = -11*g. Calculate the remainder when g is divided by r(0).
4
Suppose 22 = s - 83. Suppose -4*q = 3*x - 55, 2*q + 2*q = -5*x + s. What is the remainder when x is divided by 9?
7
Suppose 0*r - r + 4 = 0. Suppose j - 4 - 3 = 3*l, r*j - 11 = -5*l. Suppose -g + 2*g = 5, 5*t + j*g = 30. Calculate the remainder when t is divided by 1.
0
Let o(p) be the second derivative of 7*p**5/20 + p**4/6 - p**3/3 + p**2/2 + 4*p. What is the remainder when o(1) is divided by 3?
2
Calculate the remainder when 76 is divided by 3/((-105)/(-10))*91.
24
Let w(a) = a**2 - 4*a - 6. Let z(t) = -2*t - 2. Let v be z(-5). What is the remainder when w(v) is divided by 10?
6
Suppose -2*k + 1465 = 3*k - 2*l, -k + 300 = l. Calculate the remainder when k is divided by 27.
25
Let n = -74 - -104. Calculate the remainder when n is divided by 11.
8
Suppose -20 = -2*r - 3*r. What is the remainder when 9 is divided by 16/(-10)*(-10)/r?
1
Let u be 29 + (-1 - (0 + 1)). Let k = u - 19. Suppose 2*r + 15 = 3*r. Calculate the remainder when r is divided by k.
7
Let r(x) = 2*x + 5. What is the remainder when r(8) is divided by 11?
10
Suppose -3*q - 5*a + 29 = 0, 5*q - 3*q + 2*a - 14 = 0. Let n(t) = -q*t**3 + 2*t**3 - 3*t + 3 - 2 + 5*t**2. What is the remainder when n(3) is divided by 6?
4
Suppose -2*y - 2*j = j - 110, -5*y + 266 = 3*j. Let n = 132 - 114. Calculate the remainder when y is divided by n.
16
Suppose -4*w + 172 = -5*o + 3*o, 0 = -2*o + 2*w - 182. What is the remainder when o/(-7) - (-8)/28 is divided by 5?
4
Suppose -2*a + 2*w + 26 = w, 2*w = -4*a + 68. What is the remainder when 57 is divided by a?
12
Let t(r) = -2*r**2 + 20*r + 15. What is the remainder when 196 is divided by t(9)?
31
Suppose 9*a - 15 = 6*a. Suppose 9*x = a*x + 112. What is the remainder when 83 is divided by x?
27
Suppose q + 11 = b, -3*b - 3*q = 2*q - 41. Suppose -3*k = 3*o - 111, -6*k + 99 = -3*k - 3*o. Calculate the remainder when k is divided by b.
11
Let q(p) = -p**2 + 6*p - 3. Calculate the remainder when 16 is divided by q(4).
1
Let z be (2/(-4))/((-3)/6). Suppose 13 = 4*p + z. Let x = 187 + -180. What is the remainder when x is divided by p?
1
Let f(i) = -i**3 + 18*i**2 + i - 15. Let p be f(18). Let j be (-5 - -4) + 45 + 1. Suppose -2*t + j = p*t. Calculate the remainder when 26 is divided by t.
8
Calculate the remainder when ((-212)/16)/((-3)/12) is divided by 28.
25
Let c(q) = -q**3 + 6*q**2 - 4*q + 4. Calculate the remainder when c(5) is divided by 5.
4
Let n(r) = -r**2 + 10*r - 12. Let h = -7 + 15. Calculate the remainder when n(h) is divided by (-16)/(-6) - (-2)/6.
1
Let n(u) = -u**3 + 11*u**2 + 3*u - 4. Calculate the remainder when n(11) is divided by 15.
14
Let m(y) = -y + 2. Let x be m(2). Suppose x*r = r - 3. Calculate the remainder when 3 is divided by r.
0
Let i(u) = 4*u**3 - 2*u**2 + u. What is the remainder when i(1) is divided by 1?
0
Let v(x) = -6*x - 1. Let n be v(-1). Let u(m) = m**3 + 7*m**2 - 6*m - 6. Let o be u(-6). Suppose n*d = 24 + o. Calculate the remainder when d is divided by 10.
8
What is the remainder when 104 is divided by 1 + (20/14)/(3/42)?
20
Suppose k - 139 = -0*k. What is the remainder when k is divided by 14?
13
Suppose 0 = k, -5*i - 6*k + 20 = -k. What is the remainder when 9 is divided by i?
1
Let c be 2 - 75 - (3 - 1). Let v be (0 - (-1)/(-1))*c. Suppose v = 5*p + 2*f, 0 = -0*f - 2*f + 10. What is the remainder when 25 is divided by p?
12
Suppose 0 = g - 6 - 12. Suppose 2*s + 2*q = 3*q + 29, 12 = 4*q. Let d = s + -9. What is the remainder when g is divided by d?
4
Suppose 0*h = -5*h - 160. What is the remainder when 15 is divided by (-2)/(-3) - h/6?
3
Let a(f) = 12*f**2 - f + 2. What is the remainder when a(3) is divided by 11?
8
Let x(s) = -2*s + 13. What is the remainder when x(5) is divided by 2?
1
Let o(h) = h**3 - 4*h**2 - 3*h + 5. What is the remainder when o(6) is divided by 94/6 - (-10)/(-15)?
14
Let p(d) = -d**3 + 6*d**2 - 4*d + 3. Let y be p(5). Calculate the remainder when 4 is divided by (y/12)/((-2)/(-6)).
0
Let u(p) = p**3 + 10*p**2 - 13*p - 16. What is the remainder when 12 is divided by u(-11)?
0
Suppose -9 = 4*f - 5*s, 0 = 5*f - 4*s - 3 + 12. Let q be (-2 - f)/(1/(-2)). Calculate the remainder when 40/(-6)*(-5 + q) is divided by 7.
6
Let h = -22 - -34. Suppose 2*d = -0 + h. Suppose q - d*q - 5*a = -60, 4*q - 20 = 3*a. Calculate the remainder when 15 is divided by q.
7
Suppose 3*f = 12*f - 54. Calculate the remainder when 28 is divided by f.
4
Let g(b) = b**3 + 2*b**2 - 4*b - 5. Calculate the remainder when g(5) is divided by 38.
36
Let h = 2 + -1. Suppose 6*s + 5 = 5*w + s, -h = -s. Let r = 6 - 3. Calculate the remainder when r is divided by w.
1
Suppose 4*v = 5*g + 14, 2*g = 3*g + 2*v. Calculate the remainder when 7 is divided by g*(-2)/((-8)/(-6)).
1
Let s(g) = 3*g + 1. Let q be s(-1). Let k be -1 + (-7 - -1) - q. Calculate the remainder when 8/20 - 53/k is divided by 4.
3
What is the remainder when 287/8 - (-4)/32 is divided by 13?
10
Suppose 4*f = -6 + 38. What is the remainder when 13 is divided by f?
5
Let k(h) = h - 8. Let c be k(6). Let p = -727 - -1035. Calculate the remainder when 65 is divided by (1/c)/((-7)/p).
21
Let o(f) = -f**2 + 7*f - 5. Let s be o(4). Let j = s + 13. What is the remainder when 79 is divided by j?
19
Suppose 0 = -2*z - z + 54. Suppose -65 = -h + 74. Supp